{"id":10,"date":"2026-02-04T09:08:46","date_gmt":"2026-02-04T09:08:46","guid":{"rendered":"https:\/\/aqmobile.de\/?page_id=10"},"modified":"2026-02-04T09:18:58","modified_gmt":"2026-02-04T09:18:58","slug":"impressum","status":"publish","type":"page","link":"https:\/\/aqmobile.de\/","title":{"rendered":"Impressum"},"content":{"rendered":"\n<p>X-WORLD GmbH<br>c\/o Regus Business Center<br>Nymphenburger Str. 4<br>D-80335 M\u00fcnchen<br>Tel.: 089 \/ 381 538383<br>eMail: impressum@x-world.com<br>Gesch\u00e4ftsf\u00fchrer: Armin Sch\u00f6nb\u00fcchler<br>Registergericht: M\u00fcnchen HRB 132166<br>USt-Id: DE179649364<\/p>\n\n\n\n<p><\/p>\n","protected":false},"excerpt":{"rendered":"<p>X-WORLD GmbHc\/o Regus Business CenterNymphenburger Str. 4D-80335 M\u00fcnchenTel.: 089 \/ 381 538383eMail: impressum@x-world.comGesch\u00e4ftsf\u00fchrer: Armin Sch\u00f6nb\u00fcchlerRegistergericht: M\u00fcnchen HRB 132166USt-Id: DE179649364<\/p>\n","protected":false},"author":1,"featured_media":0,"parent":0,"menu_order":0,"comment_status":"closed","ping_status":"closed","template":"","meta":{"footnotes":""},"class_list":["post-10","page","type-page","status-publish","hentry"],"_links":{"self":[{"href":"https:\/\/aqmobile.de\/index.php?rest_route=\/wp\/v2\/pages\/10","targetHints":{"allow":["GET"]}}],"collection":[{"href":"https:\/\/aqmobile.de\/index.php?rest_route=\/wp\/v2\/pages"}],"about":[{"href":"https:\/\/aqmobile.de\/index.php?rest_route=\/wp\/v2\/types\/page"}],"author":[{"embeddable":true,"href":"https:\/\/aqmobile.de\/index.php?rest_route=\/wp\/v2\/users\/1"}],"replies":[{"embeddable":true,"href":"https:\/\/aqmobile.de\/index.php?rest_route=%2Fwp%2Fv2%2Fcomments&post=10"}],"version-history":[{"count":3,"href":"https:\/\/aqmobile.de\/index.php?rest_route=\/wp\/v2\/pages\/10\/revisions"}],"predecessor-version":[{"id":15,"href":"https:\/\/aqmobile.de\/index.php?rest_route=\/wp\/v2\/pages\/10\/revisions\/15"}],"wp:attachment":[{"href":"https:\/\/aqmobile.de\/index.php?rest_route=%2Fwp%2Fv2%2Fmedia&parent=10"}],"curies":[{"name":"wp","href":"https:\/\/api.w.org\/{rel}","templated":true}]}}